{"id":123,"date":"2023-04-24T16:52:24","date_gmt":"2023-04-24T14:52:24","guid":{"rendered":"http:\/\/neu.kreisseniorenrat-boeblingen.de\/?page_id=123"},"modified":"2024-09-02T18:26:15","modified_gmt":"2024-09-02T16:26:15","slug":"patientenverfuegung","status":"publish","type":"page","link":"https:\/\/kreisseniorenrat-boeblingen.de\/ksrbb\/projekte\/vorsorgende-verfuegung-patientenverfuegung-betreungsverfuegung\/patientenverfuegung\/","title":{"rendered":"Patientenverf\u00fcgung"},"content":{"rendered":"\t\t<div data-elementor-type=\"wp-page\" data-elementor-id=\"123\" class=\"elementor elementor-123\">\n\t\t\t\t\t\t<section class=\"elementor-section elementor-top-section elementor-element elementor-element-588bf3d1 elementor-section-boxed elementor-section-height-default elementor-section-height-default\" data-id=\"588bf3d1\" data-element_type=\"section\" data-e-type=\"section\">\n\t\t\t\t\t\t<div class=\"elementor-container elementor-column-gap-default\">\n\t\t\t\t\t<div class=\"elementor-column elementor-col-100 elementor-top-column elementor-element elementor-element-3a593d1\" data-id=\"3a593d1\" data-element_type=\"column\" data-e-type=\"column\">\n\t\t\t<div class=\"elementor-widget-wrap elementor-element-populated\">\n\t\t\t\t\t\t<div class=\"elementor-element elementor-element-1fc65efa elementor-widget elementor-widget-text-editor\" data-id=\"1fc65efa\" data-element_type=\"widget\" data-e-type=\"widget\" data-widget_type=\"text-editor.default\">\n\t\t\t\t<div class=\"elementor-widget-container\">\n\t\t\t\t\t\t\t\t\t<p><\/p>\n<h2 class=\"wp-block-heading\">Die Patientenverf\u00fcgung<\/h2>\n<p><\/p>\n<p><\/p>\n<p class=\"wp-block-paragraph\">Die Patientenverf\u00fcgung ist eine pers\u00f6nliche Wil\u00adlenserkl\u00e4rung, mit der jemand festlegt, in welcher Weise er\u00a0medizinisch\u00a0behandelt oder nicht behandelt werden m\u00f6chte. Mit ihr kann der Verfasser verlangen, dass bei ihm im Sterbefall oder einer von ihm beschriebenen Schwersterkrankung auf lebensverl\u00e4ngernde oder lebenserhaltende Ma\u00dfnahmen verzichtet wird, wenn diese sein Leiden und Sterben nur noch verl\u00e4ngern w\u00fcrden.<\/p>\n<p><\/p>\n<p><\/p>\n<p class=\"wp-block-paragraph\">Auch in einem solchen Zustand haben die \u00c4rzte die\u00a0Pflicht zu bestm\u00f6glicher Behandlung. Sie d\u00fcrfen jedoch ihren Willen keinesfalls \u00fcber den Willen des Patienten setzen. Der Unterzeichner einer Patientenverf\u00fcgung erkl\u00e4rt diesen Willen f\u00fcr den Fall, dass er zu eigenverant\u00adwortlichem Handeln nicht mehr in der Lage ist und damit die eigene\u00a0Entscheidungsf\u00e4hig\u00adkeit\u00a0unwiderruflich verloren hat.<\/p>\n<p><\/p>\n<p><\/p>\n<p class=\"wp-block-paragraph\">Die \u00c4rzte\u00a0m\u00fcssen\u00a0den in der Patientenverf\u00fcgung erkl\u00e4rten Willen des Patienten beachten. Sollte eine lebensbedrohliche Situation eingetreten sein, die in der Patientenverf\u00fcgung nicht konkret geregelt ist, so ist der\u00a0mutma\u00dfliche Wille\u00a0des Patienten m\u00f6glichst im Konsens aller Beteiligten zu ermitteln. Daf\u00fcr soll die vorliegende Patientenverf\u00fcgung als Richtschnur ma\u00dfgeblich sein.<\/p>\n<p><\/p>\n<p><\/p>\n<p class=\"wp-block-paragraph\">Zus\u00e4tzlich zur Patientenverf\u00fcgung sollte der Unterzeichner einer\u00a0Person seines Vertrauens\u00a0eine Vollmacht erteilen. Dies kann eine Gesundheitsvollmacht sein oder eine umfassende Vorsorgevollmacht. In beiden F\u00e4llen ist der Bevollm\u00e4chtigte gehalten, den Willen des Patienten zu vertreten und gegebenenfalls auch\u00a0durchzusetzen.<\/p>\n<p><\/p>\n<p><\/p>\n<p class=\"wp-block-paragraph\">\u00a0<\/p>\n<p><\/p>\n<p><\/p>\n<h2 class=\"wp-block-heading\">Die B\u00f6blinger Patientenverf\u00fcgung<\/h2>\n<p><\/p>\n<p><\/p>\n<p class=\"wp-block-paragraph\">Die B\u00f6blinger Patientenverf\u00fcgung (gelbes Formular) wurde im Jahre 1992 erstmals vom Kreisseniorenrat B\u00f6blingen herausgegeben. Seither wurde das Formular an mehr als 500.000 Interessenten in gesamt Deutschland verteilt. Im Laufe der Zeit wurde der Inhalt der B\u00f6blinger Patientenverf\u00fcgung mehrmals \u00fcberarbeitet und entsprechend der politischen und wissenschaftlichen Entwicklungen erg\u00e4nzt. Auch neue medizinische Erkenntnisse wurden ber\u00fccksichtigt. Die aktuelle B\u00f6blinger Patientenverf\u00fcgung kann als <a href=\"https:\/\/kreisseniorenrat-boeblingen.de\/ksrbb\/wp-content\/uploads\/2023\/05\/KSR-Pat.verf-Gelbes-Formular-01.2023.pdf\">pdf-Datei<\/a> heruntergeladen und ausgedruckt werden oder als\u00a0<a href=\"https:\/\/kreisseniorenrat-boeblingen.de\/ksrbb\/wp-content\/uploads\/2024\/09\/KSR-Pat.Verf-editierbar-01.2023.pdf\" target=\"_blank\" rel=\"noopener\">editierbare pdf-Datei\u00a0<\/a>angepasst werden\u2013&gt; siehe auch\u00a0<a href=\"https:\/\/kreisseniorenrat-boeblingen.de\/ksrbb\/informationen\/dokumente-und-broschueren\/\" data-type=\"page\" data-id=\"49\">Dokumente und Brosch\u00fcren <\/a><\/p>\n<p><\/p>\n<p><\/p>\n<p class=\"wp-block-paragraph\">Sie finden ebenfalls ein <a href=\"https:\/\/kreisseniorenrat-boeblingen.de\/ksrbb\/wp-content\/uploads\/2023\/05\/KSR-Pat.verf-Merkblatt-gruen-01.2023.pdf\">Merkblatt zu den Vorsorgenden Verf\u00fcgungen<\/a>.<\/p>\n<p><\/p>\n<p><\/p>\n<p class=\"wp-block-paragraph\">Die aktuelle B\u00f6blinger Patientenverf\u00fcgung bekommen Sie ebenfalls im Landratsamt (Gesch\u00e4ftstelle Kreisseniorenrat, Betreuungsbeh\u00f6rde) oder bei den Beratungsstellen im Landkreis (Pflegest\u00fctzpunkt, iaV und anderen Beratungsstellen).<\/p>\n<p><\/p>\t\t\t\t\t\t\t\t<\/div>\n\t\t\t\t<\/div>\n\t\t\t\t\t<\/div>\n\t\t<\/div>\n\t\t\t\t\t<\/div>\n\t\t<\/section>\n\t\t\t\t<\/div>\n\t\t","protected":false},"excerpt":{"rendered":"<p>Die Patientenverf\u00fcgung Die Patientenverf\u00fcgung ist eine pers\u00f6nliche Wil\u00adlenserkl\u00e4rung, mit der jemand festlegt, in welcher Weise er\u00a0medizinisch\u00a0behandelt oder nicht behandelt werden m\u00f6chte. Mit ihr kann der Verfasser verlangen, dass bei ihm im Sterbefall oder einer von ihm beschriebenen Schwersterkrankung auf lebensverl\u00e4ngernde oder lebenserhaltende Ma\u00dfnahmen verzichtet wird, wenn diese sein Leiden und Sterben nur noch verl\u00e4ngern w\u00fcrden. [&hellip;]<\/p>\n","protected":false},"author":3,"featured_media":0,"parent":119,"menu_order":0,"comment_status":"closed","ping_status":"closed","template":"","meta":{"_crdt_document":"","ocean_post_layout":"","ocean_both_sidebars_style":"","ocean_both_sidebars_content_width":0,"ocean_both_sidebars_sidebars_width":0,"ocean_sidebar":"0","ocean_second_sidebar":"0","ocean_disable_margins":"enable","ocean_add_body_class":"","ocean_shortcode_before_top_bar":"","ocean_shortcode_after_top_bar":"","ocean_shortcode_before_header":"","ocean_shortcode_after_header":"","ocean_has_shortcode":"","ocean_shortcode_after_title":"","ocean_shortcode_before_footer_widgets":"","ocean_shortcode_after_footer_widgets":"","ocean_shortcode_before_footer_bottom":"","ocean_shortcode_after_footer_bottom":"","ocean_display_top_bar":"default","ocean_display_header":"default","ocean_header_style":"","ocean_center_header_left_menu":"0","ocean_custom_header_template":"0","ocean_custom_logo":0,"ocean_custom_retina_logo":0,"ocean_custom_logo_max_width":0,"ocean_custom_logo_tablet_max_width":0,"ocean_custom_logo_mobile_max_width":0,"ocean_custom_logo_max_height":0,"ocean_custom_logo_tablet_max_height":0,"ocean_custom_logo_mobile_max_height":0,"ocean_header_custom_menu":"0","ocean_menu_typo_font_family":"0","ocean_menu_typo_font_subset":"","ocean_menu_typo_font_size":0,"ocean_menu_typo_font_size_tablet":0,"ocean_menu_typo_font_size_mobile":0,"ocean_menu_typo_font_size_unit":"px","ocean_menu_typo_font_weight":"","ocean_menu_typo_font_weight_tablet":"","ocean_menu_typo_font_weight_mobile":"","ocean_menu_typo_transform":"","ocean_menu_typo_transform_tablet":"","ocean_menu_typo_transform_mobile":"","ocean_menu_typo_line_height":0,"ocean_menu_typo_line_height_tablet":0,"ocean_menu_typo_line_height_mobile":0,"ocean_menu_typo_line_height_unit":"","ocean_menu_typo_spacing":0,"ocean_menu_typo_spacing_tablet":0,"ocean_menu_typo_spacing_mobile":0,"ocean_menu_typo_spacing_unit":"","ocean_menu_link_color":"","ocean_menu_link_color_hover":"","ocean_menu_link_color_active":"","ocean_menu_link_background":"","ocean_menu_link_hover_background":"","ocean_menu_link_active_background":"","ocean_menu_social_links_bg":"","ocean_menu_social_hover_links_bg":"","ocean_menu_social_links_color":"","ocean_menu_social_hover_links_color":"","ocean_disable_title":"default","ocean_disable_heading":"on","ocean_post_title":"","ocean_post_subheading":"","ocean_post_title_style":"","ocean_post_title_background_color":"","ocean_post_title_background":0,"ocean_post_title_bg_image_position":"","ocean_post_title_bg_image_attachment":"","ocean_post_title_bg_image_repeat":"","ocean_post_title_bg_image_size":"","ocean_post_title_height":0,"ocean_post_title_bg_overlay":0.5,"ocean_post_title_bg_overlay_color":"","ocean_disable_breadcrumbs":"default","ocean_breadcrumbs_color":"","ocean_breadcrumbs_separator_color":"","ocean_breadcrumbs_links_color":"","ocean_breadcrumbs_links_hover_color":"","ocean_display_footer_widgets":"default","ocean_display_footer_bottom":"default","ocean_custom_footer_template":"0","footnotes":""},"class_list":["post-123","page","type-page","status-publish","hentry","entry"],"_links":{"self":[{"href":"https:\/\/kreisseniorenrat-boeblingen.de\/ksrbb\/wp-json\/wp\/v2\/pages\/123","targetHints":{"allow":["GET"]}}],"collection":[{"href":"https:\/\/kreisseniorenrat-boeblingen.de\/ksrbb\/wp-json\/wp\/v2\/pages"}],"about":[{"href":"https:\/\/kreisseniorenrat-boeblingen.de\/ksrbb\/wp-json\/wp\/v2\/types\/page"}],"author":[{"embeddable":true,"href":"https:\/\/kreisseniorenrat-boeblingen.de\/ksrbb\/wp-json\/wp\/v2\/users\/3"}],"replies":[{"embeddable":true,"href":"https:\/\/kreisseniorenrat-boeblingen.de\/ksrbb\/wp-json\/wp\/v2\/comments?post=123"}],"version-history":[{"count":16,"href":"https:\/\/kreisseniorenrat-boeblingen.de\/ksrbb\/wp-json\/wp\/v2\/pages\/123\/revisions"}],"predecessor-version":[{"id":2985,"href":"https:\/\/kreisseniorenrat-boeblingen.de\/ksrbb\/wp-json\/wp\/v2\/pages\/123\/revisions\/2985"}],"up":[{"embeddable":true,"href":"https:\/\/kreisseniorenrat-boeblingen.de\/ksrbb\/wp-json\/wp\/v2\/pages\/119"}],"wp:attachment":[{"href":"https:\/\/kreisseniorenrat-boeblingen.de\/ksrbb\/wp-json\/wp\/v2\/media?parent=123"}],"curies":[{"name":"wp","href":"https:\/\/api.w.org\/{rel}","templated":true}]}}